?
-29
In base 11, what is 287 + -9?
279
In base 15, what is 826 + -1?
825
In base 2, what is -100 - -1110000?
1101100
In base 4, what is -30 + 2222?
2132
In base 3, what is 210 + 111?
1021
In base 5, what is -1 - 30330?
-30331
In base 10, what is -1 - -189?
188
In base 3, what is -12 + -221?
-1010
In base 11, what is 0 - -3524?
3524
In base 2, what is -10000111000101001 - -1?
-10000111000101000
In base 6, what is -2 + -54?
-100
In base 7, what is -5 - 2022?
-2030
In base 4, what is -1 + 11210?
11203
In base 16, what is -a3 - -f?
-94
In base 6, what is -5 - -10315?
10310
In base 14, what is 5 + 338?
33d
In base 4, what is 202 - -30?
232
In base 6, what is 144 - 2?
142
In base 12, what is 360 + -7?
355
In base 3, what is -111 + 22?
-12
In base 4, what is 11 + 312?
323
In base 15, what is -3 + -251?
-254
In base 6, what is -20 + -10?
-30
In base 6, what is 101 + 11?
112
In base 2, what is -1110000 - 101?
-1110101
In base 6, what is -5 - -1153?
1144
In base 12, what is -45 + -13?
-58
In base 3, what is -101 + -10000?
-10101
In base 4, what is -11 + -1211?
-1222
In base 8, what is 3156 + 0?
3156
In base 12, what is 3 + 239?
240
In base 4, what is 10 - 310?
-300
In base 13, what is 2 + -31?
-2c
In base 9, what is 8351 + -2?
8348
In base 12, what is 0 + 57?
57
In base 15, what is 5d3 + -3?
5d0
In base 13, what is -3 + ac3?
ac0
In base 15, what is -2 + -254?
-256
In base 14, what is 1 + 0?
1
In base 6, what is 0 + 2010?
2010
In base 7, what is 26 + 1?
30
In base 11, what is 1 + -2?
-1
In base 10, what is 2 + 572?
574
In base 10, what is 296 + 10?
306
In base 14, what is -117 + -4?
-11b
In base 7, what is -326 - -5?
-321
In base 11, what is -4 + -51?
-55
In base 13, what is -166 + 1?
-165
In base 8, what is -1431 + 5?
-1424
In base 8, what is -230 + -2?
-232
In base 8, what is -21 + -14?
-35
In base 3, what is 10 + -111002?
-110222
In base 11, what is 265 - 1?
264
In base 9, what is -1 - 438?
-440
In base 5, what is 4 + -211?
-202
In base 4, what is 10 + -11203?
-11133
In base 9, what is 206 - 0?
206
In base 15, what is -38 - -18?
-20
In base 11, what is a63 + -1?
a62
In base 7, what is -56432 + -4?
-56436
In base 3, what is 10 - 20110021?
-20110011
In base 8, what is 4 - 72?
-66
In base 11, what is 48 + -1?
47
In base 9, what is 0 - 73?
-73
In base 9, what is -48 - -175?
126
In base 9, what is 7 + -18?
-11
In base 9, what is -624 + -3?
-627
In base 10, what is 0 - -542?
542
In base 7, what is -5 + 1066?
1061
In base 14, what is -d2 - -1?
-d1
In base 4, what is 1001 + -101?
300
In base 5, what is -2122 - 1?
-2123
In base 5, what is -31140 + -1?
-31141
In base 16, what is 3b + 0?
3b
In base 4, what is -23330 + -10?
-30000
In base 7, what is 1056 - -2?
1061
In base 10, what is -69 + 0?
-69
In base 13, what is -9 + 293?
287
In base 7, what is 211 - -2?
213
In base 13, what is -762 + 0?
-762
In base 4, what is -3 - 2112?
-2121
In base 10, what is -153 + 142?
-11
In base 3, what is 20212221 - 1?
20212220
In base 14, what is -47 + -2a?
-73
In base 2, what is 1011100 - -100?
1100000
In base 3, what is 200221 - 1?
200220
In base 8, what is 4 - -613?
617
In base 16, what is -13c + 5?
-137
In base 7, what is 101033 + 1?
101034
In base 15, what is -6 + -75?
-7b
In base 9, what is -35 - -437?
402
In base 13, what is -43 - 5?
-48
In base 3, what is -2 + 1211122?
1211120
In base 15, what is 30 + -3?
2c
In base 15, what is 0 + -3d7?
-3d7
In base 11, what is -195 + -5?
-19a
In base 16, what is -2b - 2?
-2d
In base 13, what is 1349 - -2?
134b
In base 12, what is 5028 - 4?
5024
In base 16, what is 241 - -3?
244
In base 10, what is -6300 - 5?
-6305
In base 14, what is 17 + c2?
d9
In base 2, what is 1110 + 11?
10001
In base 2, what is -1100 - -1001?
-11
In base 9, what is -12 - -8?
-3
In base 12, what is 1 + a2?
a3
In base 7, what is -54 - -16?
-35
In base 8, what is 2 + -432?
-430
In base 3, what is -1 + 2210102?
2210101
In base 2, what is 10011000101 + -10?
10011000011
In base 12, what is 9 - 9?
0
In base 7, what is 152 + 3?
155
In base 3, what is -110 + 101?
-2
In base 12, what is 133 - 4?
12b
In base 6, what is -32 - 511?
-543
In base 6, what is 3 + -2232?
-2225
In base 3, what is -120201 + -1?
-120202
In base 12, what is -3 + 9b?
98
In base 4, what is 10230 + -12?
10212
In base 2, what is -10100001110 - 101?
-10100010011
In base 6, what is 145 + 422?
1011
In base 2, what is -111 - -10?
-101
In base 16, what is -3 - 210?
-213
In base 9, what is 1076 - 3?
1073
In base 11, what is -2010 + -4?
-2014
In base 5, what is 240 + -2?
233
In base 4, what is -303 + 11?
-232
In base 7, what is -20 - -5?
-12
In base 8, what is -3 + 424?
421
In base 14, what is -7b5c + -2?
-7b60
In base 11, what is a + -91?
-82
In base 6, what is 3 - -1501?
1504
In base 6, what is -11 - 5?
-20
In base 16, what is -e7 + 2?
-e5
In base 12, what is 156a + 1?
156b
In base 15, what is 128 + -3?
125
In base 3, what is 2122012 - -2?
2122021
In base 5, what is 3 - 3021?
-3013
In base 6, what is -21 - -23?
2
In base 3, what is 102101000 - 2?
102100221
In base 10, what is -3 - -562?
559
In base 13, what is 5 + -aa?
-a5
In base 6, what is 11052 - 2?
11050
In base 15, what is -5 + 43?
3d
In base 8, what is 3 - -1114?
1117
In base 4, what is -1022 - 111?
-1133
In base 13, what is 5 - -100?
105
In base 13, what is -b + 1a8?
19a
In base 7, what is -3 + 23?
20
In base 6, what is 0 + -110?
-110
In base 14, what is a89 + -4?
a85
In base 9, what is 13 - -14?
27
In base 9, what is -1 + 257?
256
In base 11, what is -2 + -11?
-13
In base 16, what is -9d - 5?
-a2
In base 12, what is 4 + -1656?
-1652
In base 2, what is -101 - -10001?
1100
In base 16, what is 2 + -16c?
-16a
In base 3, what is 12212110 - -11?
12212121
In base 10, what is 2 - -31?
33
In base 3, what is -2 - -101102?
101100
In base 16, what is 2 - -24f?
251
In base 13, what is -ab7 - 5?
-abc
In base 16, what is -4 + -177?
-17b
In base 9, what is 2 - -1578?
1581
In base 14, what is db + 4?
101
In base 6, what is -13 - 25?
-42
In base 14, what is 6a1 + -4?
69b
In base 16, what is 2b - -5?
30
In base 5, what is 3 - -34?
42
In base 2, what is 10001 + 111?
11000
In base 12, what is 24 + -5a?
-36
In base 4, what is 2222 - 302?
1320
In base 7, what is -261210 + 3?
-261204
In base 5, what is 0 + -111044?
-111044
In base 4, what is 203 + 120?
323
In base 16, what is -a - 13?
-1d
In base 7, what is -2165 - 14?
-2212
In base 2, what is -1011 - -110011?
101000
In base 5, what is 140234 + -2?
140232
In base 13, what is 2 + 15c?
161
In base 14, what is -121 - 0?
-121
In base 16, what is -5c2 + -1?
-5c3
In base 11, what is -3 - 3a2?
-3a5
In base 5, what is 3 - -3?
11
In base 5, what is 24 + -422?
-343
In base 15, what is 4 + 10cc?
10d1
In base 11, what is 24 + -a4?
-80
In base 5, what is -23140 - 12?
-23202
In base 11, what is -5 + -59?
-63
In base 4, what is -330 + -12?
-1002
In base 7, what is -12226 - -4?
-12222
In base 4, what is 2 + 23120?
23122
In base 7, what is 3230 - -4?
3234
In base 11, what is -20 - 27?
-47
In base 2, what is 111 + -111111111001?
-111111110010
In base 8, what is -1 - -3163?
3162
In base 7, what is 11534 + 13?
11550
In base 2, what is 1 + -100111100101?
-100111100100
In base 12, what is -1 - 23?
-24
In base 12, what is -29 + -61?
-8a
In base 14, what is 609 - 3?
606
In base 4, what is 2031002 + 1?
2031003
In base 9, what is 8074 - -2?
8076
In base 15, what is -5 - -1c0?
1ba
In base 15, what is -4 - -ce?
ca
In base 3, what is 110122021 - -2?
110122100
In base 16, what is 1 - -3a?
3b
In base 13, what is -6a + -c?
-79
In base 9, what is -84 + 0?
-84
In base 4, what is -10 - -122?
112
In base 10, what is 21 + -34?
-13
In base 10, what is 1163 - -5?
1168
In base 8, what is -534 - 1?
-535
In base 4, what is 1113 - 2?
1111
In base 11, what is -5 + -2731?
-2736
In base 5, what is -20111 + 3?
-20103
In base 8, what is 0 + 37?
37
In base 5, what is -23 - -111?
33
In base 10, what is 1028 + -10?
1018
In base 11, what is a + 2a?
39
In base 10, what is -20 - -5?
-15
In base 15, what is -7 + -ab?
-b3
In base 6, what is 14524 + -1?
14523
In base 15, what is -43 - 1?
-44
In base 6, what is -245 - -21?
-224
In base 11, what is 48 - 3?
45
In base 8, what is -23 + 5?
-16
In base 7, what is 1463 + 3?
1466
In base 11, what is -5 + -25?
-2a
In base 10, what is 37 